ommon factor of 56 and h?
14
Let m be (-24)/(-36) + 68/6. Suppose -p + 5*p - 960 = 0. What is the highest common divisor of p and m?
12
Suppose -15*j + 56 = -7*j. What is the highest common divisor of j and 5?
1
Let z be (-29 - -26)/(2/(-126)). Calculate the highest common factor of z and 252.
63
Let c(f) = f - 10. Let r be c(18). Calculate the highest common factor of r and 1.
1
Let w be 1 + -2 + 4/1. Let d = 42 - 10. Suppose -3*i + d - 86 = -2*g, g - 22 = -i. Calculate the highest common divisor of g and w.
3
Let g = 490 - -700. What is the highest common factor of g and 85?
85
Let v(b) = -b**2 - 30*b + 360. Let i be v(-28). Calculate the highest common factor of 48 and i.
16
Let g = 124 - -2. What is the greatest common factor of 315 and g?
63
Suppose 9 = 2*n + 3. Let p be ((-28)/16 + n)*4. Suppose -165 = -5*t - p*z, -3*t + 7*z + 91 = 2*z. What is the greatest common factor of t and 16?
16
Suppose -29*h = -57*h + 1764. What is the greatest common divisor of 49 and h?
7
Let p be (-1*4)/(34/(-68)). What is the highest common factor of p and 10?
2
Suppose 5 - 43 = -4*g - 5*b, -2*g + 22 = b. Calculate the greatest common factor of g and 20.
4
Let f(x) = x**2 + x. Let v be f(-2). Suppose v*u = 6*u - 56. Let w be u + (0 + -8)/(-4). What is the greatest common divisor of w and 80?
16
Suppose -10*x - 25*x = -1400. What is the highest common divisor of x and 8?
8
Let s(l) = -3*l**3 - 4*l**2 + 73*l + 214. Let o be s(-3). Let y be (-10 - 2)/((-3)/70). Calculate the greatest common divisor of y and o.
40
Let h(v) be the second derivative of 3*v**2 - 13/6*v**3 - 1/12*v**4 - 4*v + 0. Let m be h(-11). What is the highest common divisor of 42 and m?
14
Let c(x) = x**3 - 2*x**2 - 4. Let q be c(4). Calculate the greatest common divisor of q and 56.
28
Let x(a) = -7*a - 9. Let y be x(-5). Suppose y*z = 31*z - 1015. What is the highest common divisor of z and 29?
29
Suppose -4*d + 14 = 6*f - f, 0 = -4*f - 4*d + 12. Let v be ((-35)/(-25))/(f/10). What is the highest common factor of v and 28?
7
Let u = -15 + -7. Let q be 2*(u/4 - -3). Let x(z) = -z**3 - 4*z**2 + z - 2. Let v be x(q). What is the highest common divisor of 2 and v?
2
Let t = 66 + -113. Let d = t + 22. Let f be 5/10 + d/(-2). Calculate the greatest common divisor of 91 and f.
13
Let i be (-364)/(-2)*(7 + -1 - 5). Calculate the greatest common factor of 26 and i.
26
Let w(d) = d + 18. Suppose 0 = 4*x - 97 + 9. Let o be w(x). What is the highest common factor of 8 and o?
8
Let p = -34 - -27. Let c(l) = -15*l + 7. Let t be c(p). Suppose 10 - 66 = -4*v. What is the highest common factor of v and t?
14
Suppose 5*b - 140 = b. Suppose 4*a + 15 - b = 0. Calculate the highest common divisor of a and 45.
5
Let x = -151 - -168. Suppose -144 = -6*v + 366. Calculate the greatest common divisor of v and x.
17
Let r = -82 + 84. Suppose 0 = -r*t - 2*c - 2*c + 14, -3*t = 5*c - 26. Calculate the highest common factor of t and 17.
17
Let v be 24 - (-4 + 12/3). Let a(g) = 54*g + 6. Let o be a(3). What is the highest common factor of v and o?
24
Let j = -478 + 823. What is the highest common factor of 138 and j?
69
Let y(q) = -14*q + 27*q + q**2 - 9*q + 10. Let w be y(-2). Calculate the highest common divisor of 2 and w.
2
Let b be 4/((-120)/(-28) + -4). Calculate the highest common factor of 2674 and b.
14
Let r be (-242)/(-8) - (-7)/(-28). Let k(h) = -h**3 - 2*h**2 - 2. Let x be k(-4). What is the highest common divisor of r and x?
30
Let n = 185 + -140. What is the highest common divisor of 135 and n?
45
Let n be (4 + -2 + -192)/(-2). Suppose 5*o = -2*f + n, -4*f + 15 = -f. Suppose 27 = 2*j - o. Calculate the highest common factor of 55 and j.
11
Let b = -146 + 161. Calculate the greatest common divisor of b and 285.
15
Suppose 0*f - 30 = -5*l + f, -4*l = 4*f. Let h = l - 7. Let d(r) = 2*r**2 + 3*r + 1. Let c be d(h). Calculate the greatest common factor of c and 24.
3
Let k = -2 - -6. Let q be -2 + 1 + -7 + (25 - 7). What is the highest common divisor of q and k?
2
Let f(n) = -1 + 0*n**2 + 2*n**2 + 2*n + n**2 + 0 - n**3. Let o be f(3). Let p(c) = -c**3 + c - 4. Let j be p(-3). What is the highest common divisor of o and j?
5
Let r(l) = -4*l - 4*l - 6 - 3*l - 4*l. Let q(v) = 2*v + 1. Let x be q(-2). Let d be r(x). Calculate the greatest common divisor of 26 and d.
13
Suppose -5*u - m + 23 = 0, -u + 3*m + 0*m + 11 = 0. Suppose 4*y = -y + u. Let h(f) = 2*f - 5. Let d be h(5). What is the greatest common factor of y and d?
1
Suppose -18 = -m + 4*i, i - 2*i = -4*m + 12. Suppose -m*f - 35 = -3*f. Let h(d) = d + 7. Let o be h(0). Calculate the highest common factor of f and o.
7
Suppose 2 = -w - 4. Let h be (-2 - (-4)/8)*w. Let i = h - 5. Calculate the highest common divisor of i and 8.
4
Suppose 95 = 3*c + 2*l, -2*c - 5*l + 11 = -45. Calculate the greatest common factor of c and 77.
11
Let w(k) = -2*k**2 + 20*k - 1. Let p(h) = -h**2 + 10*h - 1. Let x(v) = -7*p(v) + 3*w(v). Let z be x(10). What is the highest common factor of z and 2?
2
Suppose -7*o = -9*o + 876. Suppose -162 - o = -5*h. Calculate the highest common factor of h and 48.
24
Let f be -25 - -1 - (5 - 4). Let y(o) = o**2 - o + 30. Let i be y(0). Let s = f + i. Calculate the greatest common factor of s and 35.
5
Suppose -4 = 2*f, 4*m - 5*f = -9*f + 156. Let o be 3/(-2)*164*7/42*-1. Calculate the highest common factor of m and o.
41
Let r(m) = -m**2 - 8*m + 9. Let x be r(-7). Suppose 0 = -7*q - 2286 + 2510. What is the greatest common divisor of q and x?
16
Suppose 5*s - 16622 = 3*w - 4*w, -5*s + 16637 = -4*w. Calculate the highest common factor of s and 133.
133
Let o(a) = 17*a + 288. Let u be o(-16). Calculate the highest common factor of u and 4384.
16
Suppose -9 = 16*h - 121. Calculate the highest common divisor of 77 and h.
7
Let l(r) = r**2 + 2*r - 8. Let k be l(3). What is the highest common divisor of 308 and k?
7
Let x be 4/26 - ((-59840)/(-130))/(-11). Calculate the highest common divisor of 1148 and x.
14
Let q be 2*(4 - (10 + -4)). Let k(i) = 2*i - 12. Let t be k(8). Let r be (-7 - q - -186) + t. Calculate the greatest common factor of 17 and r.
17
Let r = 13 + 33. Let n be (12/(-24))/((-1)/r). Let z = 29 - n. Calculate the highest common factor of z and 18.
6
Let l be (-4 - 0)*206/(-8). Suppose -4*s = -121 - l. Let p = 952 + -938. Calculate the greatest common divisor of s and p.
14
Suppose -2*h + 4*c = -104, 5*h + c - 185 = 64. Calculate the greatest common divisor of 2 and h.
2
Let n(o) = o + 98. Let p be n(0). Let d = 0 - -14. Calculate the highest common factor of d and p.
14
Let b = 1298 + -1290. Let h = 35 - -21. What is the greatest common factor of h and b?
8
Let w(h) = -h**2 - 11*h + 14. Let o be w(-12). Let y be ((-1)/(-2))/((o/40)/1). What is the highest common divisor of 10 and y?
10
Suppose 11*u + 23 - 34 = 0. What is the highest common factor of 27 and u?
1
Suppose t = 6*t - 130. Let q = t + -14. What is the highest common divisor of q and 48?
12
Suppose -12*v + 4*v = 0. Suppose 0 = 5*n - c - 0*c - 142, 5*n - 5*c - 150 = v. What is the highest common divisor of 4 and n?
4
Let j(z) = 2*z - 35. Let w be j(25). Calculate the greatest common divisor of w and 60.
15
Suppose 2*d - 3*h = 37 + 33, -2*h = -d + 35. What is the greatest common factor of 5 and d?
5
Let g be ((-29)/29)/((-1)/(6/(-1))). Let f be 0 - (g/21 + (-122)/14). What is the highest common divisor of 63 and f?
9
Let c = 82 - 70. Let z(s) = s**3 + 8*s**2 + 6*s - 2. Let g be z(-7). Suppose -f + 4*h + 22 = 2, -g*h = -f + 19. What is the highest common factor of f and c?
12
Let l be (-32)/40 - 136/5. Let v be (-3 + l/(-8))*8. Suppose -v*w + w = -3*p - 111, 4*w - 118 = -2*p. What is the highest common divisor of 8 and w?
8
Let v(b) = 15*b + 215. Let t be v(-12). Let w = 2 - -12. Calculate the greatest common divisor of t and w.
7
Suppose 4*q = 4*g - 48, -5*q + 16 - 70 = -4*g. Suppose -r = 2*d - 5*d + 15, -d - 5*r = 11. What is the greatest common divisor of g and d?
2
Let h(o) be the first derivative of 10*o**3/3 - o**2/2 + 2*o - 12. Let j be h(1). Calculate the highest common factor of 55 and j.
11
Let m = -30 - -15. Let n = m + 16. Let u(y) = 9*y**3 - y**2. Let s be u(n). Calculate the greatest common divisor of 40 and s.
8
Suppose 8*k + 127 - 239 = 0. Calculate the greates